{"id":113,"date":"2017-05-30T16:18:30","date_gmt":"2017-05-30T14:18:30","guid":{"rendered":"https:\/\/musikschule-brk.de\/?page_id=113"},"modified":"2025-06-10T12:40:31","modified_gmt":"2025-06-10T10:40:31","slug":"impressum","status":"publish","type":"page","link":"https:\/\/musikschule-brk.de\/?page_id=113","title":{"rendered":"IMPRESSUM"},"content":{"rendered":"<p>[et_pb_section fb_built=&#8220;1&#8243; fullwidth=&#8220;on&#8220; custom_padding_last_edited=&#8220;on|desktop&#8220; admin_label=&#8220;Sektion&#8220; _builder_version=&#8220;4.16&#8243; custom_padding_tablet=&#8220;50px|0|50px|0&#8243; custom_padding_phone=&#8220;&#8220; transparent_background=&#8220;off&#8220; padding_mobile=&#8220;off&#8220; global_colors_info=&#8220;{}&#8220;][et_pb_fullwidth_image src=&#8220;https:\/\/musikschule-brk.de\/wp-content\/uploads\/2017\/04\/slider_1900.jpg&#8220; admin_label=&#8220;Volle Breite des Bildes&#8220; _builder_version=&#8220;4.16&#8243; animation_style=&#8220;slide&#8220; animation_direction=&#8220;left&#8220; animation_duration=&#8220;500ms&#8220; animation_intensity_slide=&#8220;10%&#8220; animation=&#8220;left&#8220; use_border_color=&#8220;off&#8220; border_color=&#8220;#ffffff&#8220; border_width=&#8220;1px&#8220; border_style=&#8220;solid&#8220; global_colors_info=&#8220;{}&#8220;][\/et_pb_fullwidth_image][\/et_pb_section][et_pb_section fb_built=&#8220;1&#8243; inner_shadow=&#8220;on&#8220; fullwidth=&#8220;on&#8220; custom_padding_last_edited=&#8220;on|desktop&#8220; admin_label=&#8220;section&#8220; _builder_version=&#8220;4.16&#8243; custom_padding_tablet=&#8220;50px|0|50px|0&#8243; custom_padding_phone=&#8220;&#8220; transparent_background=&#8220;off&#8220; padding_mobile=&#8220;off&#8220; global_colors_info=&#8220;{}&#8220;][et_pb_fullwidth_header title=&#8220;IMPRESSUM&#8220; subhead=&#8220;Angaben nach \u00a7 5 TMG sowie \u00a7 55 RStV.&#8220; text_orientation=&#8220;center&#8220; background_overlay_color=&#8220;rgba(221,221,221,0.2)&#8220; title_font_color=&#8220;#e09900&#8243; admin_label=&#8220;Fullwidth Header&#8220; _builder_version=&#8220;4.16&#8243; title_font=&#8220;|on|||&#8220; title_text_color=&#8220;#e09900&#8243; title_font_size=&#8220;32px&#8220; subhead_font=&#8220;|on|||&#8220; subhead_font_size=&#8220;25px&#8220; background_color=&#8220;rgba(255,255,255,0)&#8220; parallax=&#8220;on&#8220; child_filter_opacity=&#8220;25%&#8220; background_url=&#8220;https:\/\/musikschule-brk.de\/wp-content\/uploads\/2017\/04\/klavier-Fotolia_94184516_XXL.jpg&#8220; button_one_letter_spacing_hover=&#8220;0&#8243; button_two_letter_spacing_hover=&#8220;0&#8243; global_colors_info=&#8220;{}&#8220; button_one_text_size__hover_enabled=&#8220;off&#8220; button_two_text_size__hover_enabled=&#8220;off&#8220; button_one_text_color__hover_enabled=&#8220;off&#8220; button_two_text_color__hover_enabled=&#8220;off&#8220; button_one_border_width__hover_enabled=&#8220;off&#8220; button_two_border_width__hover_enabled=&#8220;off&#8220; button_one_border_color__hover_enabled=&#8220;off&#8220; button_two_border_color__hover_enabled=&#8220;off&#8220; button_one_border_radius__hover_enabled=&#8220;off&#8220; button_two_border_radius__hover_enabled=&#8220;off&#8220; button_one_letter_spacing__hover_enabled=&#8220;on&#8220; button_one_letter_spacing__hover=&#8220;0&#8243; button_two_letter_spacing__hover_enabled=&#8220;on&#8220; button_two_letter_spacing__hover=&#8220;0&#8243; button_one_bg_color__hover_enabled=&#8220;off&#8220; button_two_bg_color__hover_enabled=&#8220;off&#8220;][\/et_pb_fullwidth_header][\/et_pb_section][et_pb_section fb_built=&#8220;1&#8243; custom_padding_last_edited=&#8220;on|desktop&#8220; admin_label=&#8220;Sektion&#8220; _builder_version=&#8220;4.16&#8243; custom_padding_tablet=&#8220;50px|0|50px|0&#8243; custom_padding_phone=&#8220;&#8220; transparent_background=&#8220;off&#8220; padding_mobile=&#8220;off&#8220; global_colors_info=&#8220;{}&#8220;][et_pb_row _builder_version=&#8220;4.20.4&#8243; _module_preset=&#8220;default&#8220; global_colors_info=&#8220;{}&#8220;][et_pb_column type=&#8220;4_4&#8243; _builder_version=&#8220;4.20.4&#8243; _module_preset=&#8220;default&#8220; global_colors_info=&#8220;{}&#8220;][et_pb_text _builder_version=&#8220;4.20.4&#8243; _module_preset=&#8220;default&#8220; global_colors_info=&#8220;{}&#8220;]<\/p>\n<p class=\"\">er Verein August-K\u00f6mpel-Musikschule e.V. tr\u00e4gt die Gesamtverantwortung f\u00fcr diese als gemeinn\u00fctzig anerkannte \u00f6ffentliche Bildungseinrichtung. Die ehrenamtliche Vorstandschaft setzt sich wie folgt zusammen:<\/p>\n<p class=\"\">Britta Heim, 1. Vorsitzende<\/p>\n<p class=\"\">Dr. Silvia Kleinhenz, 2. Vorsitzende<\/p>\n<p class=\"\">Elisabeth Gerber, Kassiererin<br class=\"\" \/>Julia Raab, Schriftf\u00fchrerin<br class=\"\" \/>Beisitzer:<br \/>Katja Dittmayer<br class=\"\" \/>Jan Marberg, 1. B\u00fcrgermeister der Stadt Bad Br\u00fcckenau<\/p>\n<p class=\"\">Als Schulleiterin der August-K\u00f6mpel-Musikschule ist Jan Jancalek vom Verein angestellt.<\/p>\n<p><b>1. Haftungsbeschr\u00e4nkung<\/b><br \/>Die Inhalte dieser Website werden mit gr\u00f6\u00dftm\u00f6glicher Sorgfalt erstellt. Der Anbieter \u00fcbernimmt jedoch keine Gew\u00e4hr f\u00fcr die Richtigkeit, Vollst\u00e4ndigkeit und Aktualit\u00e4t der bereitgestellten Inhalte. Die Nutzung der Inhalte der Website erfolgt auf eigene Gefahr des Nutzers.<\/p>\n<p>Namentlich gekennzeichnete Beitr\u00e4ge geben die Meinung des jeweiligen Autors und nicht immer die Meinung des Anbieters wieder. Mit der reinen Nutzung der Website des Anbieters kommt keinerlei Vertragsverh\u00e4ltnis zwischen dem Nutzer und dem Anbieter zustande.<\/p>\n<p><b>2. Externe Links<\/b><br \/>Diese Website enth\u00e4lt Verkn\u00fcpfungen zu Websites Dritter (&#8222;externe Links&#8220;). Diese Websites unterliegen der Haftung der jeweiligen Betreiber. Der Anbieter hat bei der erstmaligen Verkn\u00fcpfung der externen Links die fremden Inhalte daraufhin \u00fcberpr\u00fcft, ob etwaige Rechtsverst\u00f6\u00dfe bestehen. Zu dem Zeitpunkt waren keine Rechtsverst\u00f6\u00dfe ersichtlich. Der Anbieter hat keinerlei Einfluss auf die aktuelle und zuk\u00fcnftige Gestaltung und auf die Inhalte der verkn\u00fcpften Seiten. Das Setzen von externen Links bedeutet nicht, dass sich der Anbieter die hinter dem Verweis oder Link liegenden Inhalte zu Eigen macht. Eine st\u00e4ndige Kontrolle der externen Links ist f\u00fcr den Anbieter ohne konkrete Hinweise auf Rechtsverst\u00f6\u00dfe nicht zumutbar. Bei Kenntnis von Rechtsverst\u00f6\u00dfen werden jedoch derartige externe Links unverz\u00fcglich gel\u00f6scht.<\/p>\n<p><b>3. Urheber- und Leistungsschutzrechte<\/b><br \/>Die auf dieser Website ver\u00f6ffentlichten Inhalte unterliegen dem deutschen Urheber- und Leistungsschutzrecht. Jede vom deutschen Urheber- und Leistungsschutzrecht nicht zugelassene Verwertung bedarf der vorherigen schriftlichen Zustimmung des Anbieters oder jeweiligen Rechteinhabers. Dies gilt insbesondere f\u00fcr Vervielf\u00e4ltigung, Bearbeitung, \u00dcbersetzung, Einspeicherung, Verarbeitung bzw. Wiedergabe von Inhalten in Datenbanken oder anderen elektronischen Medien und Systemen. Inhalte und Rechte Dritter sind dabei als solche gekennzeichnet. Die unerlaubte Vervielf\u00e4ltigung oder Weitergabe einzelner Inhalte oder kompletter Seiten ist nicht gestattet und strafbar. Lediglich die Herstellung von Kopien und Downloads f\u00fcr den pers\u00f6nlichen, privaten und nicht kommerziellen Gebrauch ist erlaubt. Die Darstellung dieser Website in fremden Frames ist nur mit schriftlicher Erlaubnis zul\u00e4ssig.<\/p>\n<p>&nbsp;<\/p>\n<p><b>August-K\u00f6mpel-Musikschule e.V.<br \/><\/b><span class=\"street-address\">Ernst-Putz-Str. 9<\/span><br \/><span class=\"postal-code\">97769<\/span> <span class=\"locality\">Bad Br\u00fcckenau<\/span><\/p>\n<p>Internet: <a class=\"url\" title=\"Webseite August-K\u00f6mpel-Musikschule e.V.\" href=\"http:\/\/www.https:\/\/musikschule-brk.de\/\" target=\"_blank\" rel=\"noopener noreferrer\">http:\/\/www.https:\/\/musikschule-brk.de<\/a><br \/>Musikschulleitung: Jan Jancalek<\/p>\n<p><b>Telefon:<\/b> +49 <span class=\"tel\">1512 0514414<\/span><br \/><b>E-Mail:<\/b> <span class=\"email\">musikschule-brk@t-online.de<\/span><\/p>\n<p><b>Gemeinschaftlich<br \/>vertretungsberechtigt: <\/b><br \/><b><\/b><\/p>\n<blockquote class=\"\">\n<div id=\"container\" class=\"\">\n<div id=\"content_container\" class=\"\">\n<div id=\"column_left\" class=\"\">\n<p class=\"\">Britta Heim (Vorsitzende)<br class=\"\" \/>Jan Jancalek (Schulleitung)<br class=\"\" \/><br class=\"\" \/>Registergericht: Amtsgericht Schweinfurt<br class=\"\" \/>Registernummer: VR 10397<\/p>\n<p class=\"\">Inhaltlich und technisch verantwortlich:<br class=\"\" \/>Jan Jancalek (Anschrift wie oben)<\/p>\n<p class=\"\">\n<p class=\"\">\n<p class=\"\">\n<\/div>\n<div id=\"column_right\" class=\"\">\n<p class=\"\"><strong class=\"\">Haftungsausschluss<\/strong><br class=\"\" \/>Der Verein August-K\u00f6mpel-Musikschule e.V. erkl\u00e4rt hiermit ausdr\u00fccklich und vorsorglich f\u00fcr jede externe Linkverbindung, die auf dieser Internetseite angelegt ist, dass ihr Vorhandensein nicht mit einer Zustimmung des Vereins zu den Inhalten der betreffenden Zielseite gleichzusetzen ist. F\u00fcr die Inhalte der gelinkten Seiten sind ausschlie\u00dflich deren Herausgeber verantwortlich.<br class=\"\" \/><br class=\"\" \/><\/p>\n<\/div>\n<div id=\"footer\" class=\"\">\n<div id=\"copyright\" class=\"\">\n<p class=\"\">Copyright August-K\u00f6mpel-Musikschule e.V. Bad Br\u00fcckenau \u00a9 2021<\/p>\n<\/div>\n<\/div>\n<\/div>\n<\/div>\n<\/blockquote>\n<p>[\/et_pb_text][\/et_pb_column][\/et_pb_row][\/et_pb_section]<\/p>\n","protected":false},"excerpt":{"rendered":"<p>er Verein August-K\u00f6mpel-Musikschule e.V. tr\u00e4gt die Gesamtverantwortung f\u00fcr diese als gemeinn\u00fctzig anerkannte \u00f6ffentliche Bildungseinrichtung. Die ehrenamtliche Vorstandschaft setzt sich wie folgt zusammen: Britta Heim, 1. Vorsitzende Dr. Silvia Kleinhenz, 2. Vorsitzende Elisabeth Gerber, KassiererinJulia Raab, Schriftf\u00fchrerinBeisitzer:Katja DittmayerJan Marberg, 1. B\u00fcrgermeister der Stadt Bad Br\u00fcckenau Als Schulleiterin der August-K\u00f6mpel-Musikschule ist Jan Jancalek vom Verein angestellt. 1. [&hellip;]<\/p>\n","protected":false},"author":1,"featured_media":0,"parent":0,"menu_order":0,"comment_status":"closed","ping_status":"closed","template":"","meta":{"_et_pb_use_builder":"on","_et_pb_old_content":"","_et_gb_content_width":"","footnotes":""},"class_list":["post-113","page","type-page","status-publish","hentry"],"_links":{"self":[{"href":"https:\/\/musikschule-brk.de\/index.php?rest_route=\/wp\/v2\/pages\/113","targetHints":{"allow":["GET"]}}],"collection":[{"href":"https:\/\/musikschule-brk.de\/index.php?rest_route=\/wp\/v2\/pages"}],"about":[{"href":"https:\/\/musikschule-brk.de\/index.php?rest_route=\/wp\/v2\/types\/page"}],"author":[{"embeddable":true,"href":"https:\/\/musikschule-brk.de\/index.php?rest_route=\/wp\/v2\/users\/1"}],"replies":[{"embeddable":true,"href":"https:\/\/musikschule-brk.de\/index.php?rest_route=%2Fwp%2Fv2%2Fcomments&post=113"}],"version-history":[{"count":23,"href":"https:\/\/musikschule-brk.de\/index.php?rest_route=\/wp\/v2\/pages\/113\/revisions"}],"predecessor-version":[{"id":1404,"href":"https:\/\/musikschule-brk.de\/index.php?rest_route=\/wp\/v2\/pages\/113\/revisions\/1404"}],"wp:attachment":[{"href":"https:\/\/musikschule-brk.de\/index.php?rest_route=%2Fwp%2Fv2%2Fmedia&parent=113"}],"curies":[{"name":"wp","href":"https:\/\/api.w.org\/{rel}","templated":true}]}}

<p>[et_pb_section fb_built=&#8220;1&#8243; fullwidth=&#8220;on&#8220; custom_padding_last_edited=&#8220;on|desktop&#8220; admin_label=&#8220;Sektion&#8220; _builder_version=&#8220;4.16&#8243; custom_padding_tablet=&#8220;50px|0|50px|0&#8243; custom_padding_phone=&#8220;&#8220; transparent_background=&#8220;off&#8220; padding_mobile=&#8220;off&#8220; global_colors_info=&#8220;{}&#8220;][et_pb_fullwidth_image src=&#8220;https://musikschule-brk.de/wp-content/uploads/2017/04/slider_1900.jpg&#8220; admin_label=&#8220;Volle Breite des Bildes&#8220; _builder_version=&#8220;4.16&#8243; animation_style=&#8220;slide&#8220; animation_direction=&#8220;left&#8220; animation_duration=&#8220;500ms&#8220; animation_intensity_slide=&#8220;10%&#8220; animation=&#8220;left&#8220; use_border_color=&#8220;off&#8220; border_color=&#8220;#ffffff&#8220; border_width=&#8220;1px&#8220; border_style=&#8220;solid&#8220; global_colors_info=&#8220;{}&#8220;][/et_pb_fullwidth_image][/et_pb_section][et_pb_section fb_built=&#8220;1&#8243; inner_shadow=&#8220;on&#8220; fullwidth=&#8220;on&#8220; custom_padding_last_edited=&#8220;on|desktop&#8220; admin_label=&#8220;section&#8220; _builder_version=&#8220;4.16&#8243; custom_padding_tablet=&#8220;50px|0|50px|0&#8243; custom_padding_phone=&#8220;&#8220; transparent_background=&#8220;off&#8220; padding_mobile=&#8220;off&#8220; global_colors_info=&#8220;{}&#8220;][et_pb_fullwidth_header title=&#8220;IMPRESSUM&#8220; subhead=&#8220;Angaben nach § 5 TMG sowie § 55 RStV.&#8220; text_orientation=&#8220;center&#8220; background_overlay_color=&#8220;rgba(221,221,221,0.2)&#8220; title_font_color=&#8220;#e09900&#8243; admin_label=&#8220;Fullwidth Header&#8220; _builder_version=&#8220;4.16&#8243; title_font=&#8220;|on|||&#8220; title_text_color=&#8220;#e09900&#8243; title_font_size=&#8220;32px&#8220; subhead_font=&#8220;|on|||&#8220; subhead_font_size=&#8220;25px&#8220; background_color=&#8220;rgba(255,255,255,0)&#8220; parallax=&#8220;on&#8220; child_filter_opacity=&#8220;25%&#8220; background_url=&#8220;https://musikschule-brk.de/wp-content/uploads/2017/04/klavier-Fotolia_94184516_XXL.jpg&#8220; button_one_letter_spacing_hover=&#8220;0&#8243; button_two_letter_spacing_hover=&#8220;0&#8243; global_colors_info=&#8220;{}&#8220; button_one_text_size__hover_enabled=&#8220;off&#8220; button_two_text_size__hover_enabled=&#8220;off&#8220; button_one_text_color__hover_enabled=&#8220;off&#8220; button_two_text_color__hover_enabled=&#8220;off&#8220; button_one_border_width__hover_enabled=&#8220;off&#8220; button_two_border_width__hover_enabled=&#8220;off&#8220; button_one_border_color__hover_enabled=&#8220;off&#8220; button_two_border_color__hover_enabled=&#8220;off&#8220; button_one_border_radius__hover_enabled=&#8220;off&#8220; button_two_border_radius__hover_enabled=&#8220;off&#8220; button_one_letter_spacing__hover_enabled=&#8220;on&#8220; button_one_letter_spacing__hover=&#8220;0&#8243; button_two_letter_spacing__hover_enabled=&#8220;on&#8220; button_two_letter_spacing__hover=&#8220;0&#8243; button_one_bg_color__hover_enabled=&#8220;off&#8220; button_two_bg_color__hover_enabled=&#8220;off&#8220;][/et_pb_fullwidth_header][/et_pb_section][et_pb_section fb_built=&#8220;1&#8243; custom_padding_last_edited=&#8220;on|desktop&#8220; admin_label=&#8220;Sektion&#8220; _builder_version=&#8220;4.16&#8243; custom_padding_tablet=&#8220;50px|0|50px|0&#8243; custom_padding_phone=&#8220;&#8220; transparent_background=&#8220;off&#8220; padding_mobile=&#8220;off&#8220; global_colors_info=&#8220;{}&#8220;][et_pb_row _builder_version=&#8220;4.20.4&#8243; _module_preset=&#8220;default&#8220; global_colors_info=&#8220;{}&#8220;][et_pb_column type=&#8220;4_4&#8243; _builder_version=&#8220;4.20.4&#8243; _module_preset=&#8220;default&#8220; global_colors_info=&#8220;{}&#8220;][et_pb_text _builder_version=&#8220;4.20.4&#8243; _module_preset=&#8220;default&#8220; global_colors_info=&#8220;{}&#8220;]</p>
<p class="">er Verein August-Kömpel-Musikschule e.V. trägt die Gesamtverantwortung für diese als gemeinnützig anerkannte öffentliche Bildungseinrichtung. Die ehrenamtliche Vorstandschaft setzt sich wie folgt zusammen:</p>
<p class="">Britta Heim, 1. Vorsitzende</p>
<p class="">Dr. Silvia Kleinhenz, 2. Vorsitzende</p>
<p class="">Elisabeth Gerber, Kassiererin<br class="" />Julia Raab, Schriftführerin<br class="" />Beisitzer:<br />Katja Dittmayer<br class="" />Jan Marberg, 1. Bürgermeister der Stadt Bad Brückenau</p>
<p class="">Als Schulleiterin der August-Kömpel-Musikschule ist Jan Jancalek vom Verein angestellt.</p>
<p><b>1. Haftungsbeschränkung</b><br />Die Inhalte dieser Website werden mit größtmöglicher Sorgfalt erstellt. Der Anbieter übernimmt jedoch keine Gewähr für die Richtigkeit, Vollständigkeit und Aktualität der bereitgestellten Inhalte. Die Nutzung der Inhalte der Website erfolgt auf eigene Gefahr des Nutzers.</p>
<p>Namentlich gekennzeichnete Beiträge geben die Meinung des jeweiligen Autors und nicht immer die Meinung des Anbieters wieder. Mit der reinen Nutzung der Website des Anbieters kommt keinerlei Vertragsverhältnis zwischen dem Nutzer und dem Anbieter zustande.</p>
<p><b>2. Externe Links</b><br />Diese Website enthält Verknüpfungen zu Websites Dritter (&#8222;externe Links&#8220;). Diese Websites unterliegen der Haftung der jeweiligen Betreiber. Der Anbieter hat bei der erstmaligen Verknüpfung der externen Links die fremden Inhalte daraufhin überprüft, ob etwaige Rechtsverstöße bestehen. Zu dem Zeitpunkt waren keine Rechtsverstöße ersichtlich. Der Anbieter hat keinerlei Einfluss auf die aktuelle und zukünftige Gestaltung und auf die Inhalte der verknüpften Seiten. Das Setzen von externen Links bedeutet nicht, dass sich der Anbieter die hinter dem Verweis oder Link liegenden Inhalte zu Eigen macht. Eine ständige Kontrolle der externen Links ist für den Anbieter ohne konkrete Hinweise auf Rechtsverstöße nicht zumutbar. Bei Kenntnis von Rechtsverstößen werden jedoch derartige externe Links unverzüglich gelöscht.</p>
<p><b>3. Urheber- und Leistungsschutzrechte</b><br />Die auf dieser Website veröffentlichten Inhalte unterliegen dem deutschen Urheber- und Leistungsschutzrecht. Jede vom deutschen Urheber- und Leistungsschutzrecht nicht zugelassene Verwertung bedarf der vorherigen schriftlichen Zustimmung des Anbieters oder jeweiligen Rechteinhabers. Dies gilt insbesondere für Vervielfältigung, Bearbeitung, Übersetzung, Einspeicherung, Verarbeitung bzw. Wiedergabe von Inhalten in Datenbanken oder anderen elektronischen Medien und Systemen. Inhalte und Rechte Dritter sind dabei als solche gekennzeichnet. Die unerlaubte Vervielfältigung oder Weitergabe einzelner Inhalte oder kompletter Seiten ist nicht gestattet und strafbar. Lediglich die Herstellung von Kopien und Downloads für den persönlichen, privaten und nicht kommerziellen Gebrauch ist erlaubt. Die Darstellung dieser Website in fremden Frames ist nur mit schriftlicher Erlaubnis zulässig.</p>
<p>&nbsp;</p>
<p><b>August-Kömpel-Musikschule e.V.<br /></b><span class="street-address">Ernst-Putz-Str. 9</span><br /><span class="postal-code">97769</span> <span class="locality">Bad Brückenau</span></p>
<p>Internet: <a class="url" title="Webseite August-Kömpel-Musikschule e.V." href="http://www.https://musikschule-brk.de/" target="_blank" rel="noopener noreferrer">http://www.https://musikschule-brk.de</a><br />Musikschulleitung: Jan Jancalek</p>
<p><b>Telefon:</b> +49 <span class="tel">1512 0514414</span><br /><b>E-Mail:</b> <span class="email">musikschule-brk@t-online.de</span></p>
<p><b>Gemeinschaftlich<br />vertretungsberechtigt: </b><br /><b></b></p>
<blockquote class="">
<div id="container" class="">
<div id="content_container" class="">
<div id="column_left" class="">
<p class="">Britta Heim (Vorsitzende)<br class="" />Jan Jancalek (Schulleitung)<br class="" /><br class="" />Registergericht: Amtsgericht Schweinfurt<br class="" />Registernummer: VR 10397</p>
<p class="">Inhaltlich und technisch verantwortlich:<br class="" />Jan Jancalek (Anschrift wie oben)</p>
<p class="">
<p class="">
<p class="">
</div>
<div id="column_right" class="">
<p class=""><strong class="">Haftungsausschluss</strong><br class="" />Der Verein August-Kömpel-Musikschule e.V. erklärt hiermit ausdrücklich und vorsorglich für jede externe Linkverbindung, die auf dieser Internetseite angelegt ist, dass ihr Vorhandensein nicht mit einer Zustimmung des Vereins zu den Inhalten der betreffenden Zielseite gleichzusetzen ist. Für die Inhalte der gelinkten Seiten sind ausschließlich deren Herausgeber verantwortlich.<br class="" /><br class="" /></p>
</div>
<div id="footer" class="">
<div id="copyright" class="">
<p class="">Copyright August-Kömpel-Musikschule e.V. Bad Brückenau © 2021</p>
</div>
</div>
</div>
</div>
</blockquote>
<p>[/et_pb_text][/et_pb_column][/et_pb_row][/et_pb_section]</p>

<p>er Verein August-Kömpel-Musikschule e.V. trägt die Gesamtverantwortung für diese als gemeinnützig anerkannte öffentliche Bildungseinrichtung. Die ehrenamtliche Vorstandschaft setzt sich wie folgt zusammen: Britta Heim, 1. Vorsitzende Dr. Silvia Kleinhenz, 2. Vorsitzende Elisabeth Gerber, KassiererinJulia Raab, SchriftführerinBeisitzer:Katja DittmayerJan Marberg, 1. Bürgermeister der Stadt Bad Brückenau Als Schulleiterin der August-Kömpel-Musikschule ist Jan Jancalek vom Verein angestellt. 1. [&hellip;]</p>
